sor of a and 13.
13
Let l(z) = -z + 2. Let u be l(-2). Let n = u - 1. Suppose -n*s + 95 = 17. Calculate the greatest common divisor of 13 and s.
13
Let f = -60 - -78. What is the greatest common divisor of 2 and f?
2
Let f be (-14)/(-3) - (-8)/(-12). Suppose -4*g + 2 = -10. Suppose o + g = 39. Calculate the greatest common factor of o and f.
4
Suppose 55 = 5*m - 3*s, -55 = -5*m + 4*s - 0*s. Calculate the greatest common divisor of 55 and m.
11
Suppose 4*c + 4*q = 176, 2*q = q + 4. Calculate the highest common divisor of 10 and c.
10
Suppose 4*p = -1 - 11. Let g = 15 - p. Calculate the greatest common divisor of g and 198.
18
Let a be (-44)/(-5) - 2/(-10). Let b(h) = h**3 - 8*h**2 - 9*h + 6. Let r be b(a). What is the highest common divisor of 66 and r?
6
Suppose 10 = g - 38. What is the greatest common factor of g and 6?
6
Suppose 0 = -4*v - 0*k + k - 8, 8 = -4*v - 2*k. Let t be v*(-42)/(-8)*-22. What is the highest common divisor of t and 21?
21
Let a be -1*32*(-2)/4. What is the greatest common divisor of a and 128?
16
Let m be (28/(-24))/((-3)/18). What is the highest common divisor of m and 14?
7
Suppose 4*i - 55 + 15 = 0. Let m = -17 + 32. Calculate the greatest common divisor of m and i.
5
Let r(g) = g + 46. Suppose 0*x = -x. Let p be r(x). Suppose -p = -5*t - 16. What is the greatest common divisor of 6 and t?
6
Let f = 20 - 2. What is the greatest common factor of f and 9?
9
Let z(s) be the third derivative of -s**5/60 - s**4/24 + s**3 + 3*s**2. Let h be z(0). Calculate the greatest common factor of 54 and h.
6
Suppose 0*c + 20 = 2*c. Suppose 22*q = 1125 + 1295. Calculate the greatest common factor of c and q.
10
Suppose 0 = -2*x + x + 20. Let g(y) = -2*y - 4. Let v be g(-4). Calculate the greatest common divisor of v and x.
4
Let s be (-9)/3*20/(-3). Suppose 3*u = 4*u + 2*d - 80, -4*d + s = 0. What is the highest common divisor of 10 and u?
10
Suppose -x + 732 = 2*x - 3*c, 3*x - 2*c - 730 = 0. Suppose -g + 6 = 2*g. Suppose 0 = -0*b - g*b + x. Calculate the highest common divisor of 11 and b.
11
Suppose 17 = -3*a + 29. Let u = -2 - -22. What is the highest common divisor of u and a?
4
Suppose 5*d - 22 = 13. Let f = 112 + -77. Calculate the highest common factor of f and d.
7
Suppose 5*a + 14 = 2*m - 3, -13 = 2*m + 5*a. What is the highest common factor of m and 1?
1
Let m = 77 + -70. Calculate the highest common divisor of 56 and m.
7
Suppose 5*i + 0*i = 55. Suppose 2*g - 46 = 4*m, -4*m - 76 = -0*g + 4*g. Let t = m + 36. Calculate the greatest common divisor of t and i.
11
Let d(m) = 2*m + 24. Let n be d(8). What is the greatest common divisor of n and 8?
8
Suppose -13 = -4*u - 9. Let y be (12/(-8))/(u/(-4)). Calculate the greatest common factor of 6 and y.
6
Suppose 5*p + 3*z = 58, 3*p - 58 = 4*z - 0*z. Calculate the greatest common divisor of p and 112.
14
Let p(h) = 3*h + 4. Let d be p(12). What is the greatest common divisor of d and 10?
10
Let o(h) = h**3 + 6*h**2 + 5*h. Let b be o(-4). What is the greatest common divisor of b and 108?
12
Let d(b) = 3*b - 20. Let t be d(8). Calculate the highest common divisor of t and 4.
4
Suppose -6*s + s = -275. What is the greatest common factor of s and 5?
5
Let i be (-2 + 1)*1*-1. Suppose -4 = -2*x - 0. Suppose 5*d - 6*t + t + 15 = 0, -8 = -x*t. What is the greatest common factor of d and i?
1
Let g = -5 + 8. Suppose -s + 209 = g*y - 112, 0 = 3*y - 5*s - 339. What is the highest common factor of 12 and y?
12
Suppose -g + 6 - 2 = 0. Let b be 3/(-6)*1*-12. Let r be (-80)/b*(-9)/g. What is the highest common divisor of r and 6?
6
Suppose 80 = 4*o - 0*o. Suppose 0 = -2*x + o + 100. Calculate the highest common factor of 20 and x.
20
Let s be (-4)/(-3)*(-594)/(-4). Suppose -3*l + 81 = 3*g, 0 = 3*g + g + 5*l - 113. What is the highest common divisor of g and s?
22
Let i = 21 - 4. Calculate the greatest common divisor of 68 and i.
17
Suppose 0 = -4*y + 2*r + 251 + 25, 355 = 5*y - 5*r. Let m = 100 - y. What is the highest common factor of m and 11?
11
Suppose -r = 4*r - 3*m - 112, 2*m - 12 = -r. Let o = -9 + r. Let z be (-10)/3*33/(-2). Calculate the highest common divisor of o and z.
11
Let l = 0 + 6. Suppose -2*d - 3*z = -16, -3*d - 2*d + 14 = z. Calculate the highest common factor of l and d.
2
Let d(h) = -h**3 + 12*h**2 + 12*h + 16. Let s be d(13). Suppose -s = -4*q + 3*q. What is the highest common divisor of 33 and q?
3
Let v(r) = 11*r**2 + r. Let u be v(-2). What is the greatest common divisor of 21 and u?
21
Suppose 4*f = 8*f - 96. Suppose 6*a - 12 = 2*a. Calculate the greatest common factor of f and a.
3
Let f(q) = -4*q + 36. Let j be f(7). What is the greatest common divisor of j and 32?
8
Let x(f) = -f**3 + 3*f**2 + 5*f - 4. Let r be x(4). Suppose 2*b = -r*b. Let z be b + -2 + 17 + -2. Calculate the greatest common divisor of 65 and z.
13
Let w(v) be the first derivative of v**4/4 - 10*v**3/3 - 5*v**2 - 9*v + 3. Let d be w(11). What is the highest common divisor of d and 2?
2
Suppose 3*z - 99 - 225 = 0. What is the greatest common divisor of z and 27?
27
Suppose 0 = -2*g + 1 + 11. Suppose 3*j - r - 13 = 0, 0 = j - g*j - 4*r + 50. Calculate the highest common divisor of j and 48.
6
Let p(v) = -v**3 - 3*v**2 + 4*v - 6. Let d be p(-5). Let u = d + -12. Let m = -50 - -134. Calculate the highest common divisor of m and u.
12
Let u(b) = b**2 + 3*b. Let x be u(-3). Suppose -3*l + 28 + 20 = x. Calculate the highest common divisor of 40 and l.
8
Let j(o) = o - 5. Let g be j(11). Calculate the greatest common factor of g and 15.
3
Let k be ((-12)/(-10))/(0 - 1/(-25)). Suppose -p + 0*p + 12 = 0. What is the greatest common divisor of k and p?
6
Let f = 9 - 10. Let x be (-1)/f*-1 - 5. Let o = x + 8. What is the greatest common factor of 8 and o?
2
Let d(b) = 1238*b**2 - 1. Let f be d(1). Let p be 2/(-5) + f/5. Let w = p + -167. Calculate the greatest common factor of 10 and w.
10
Suppose -f + 164 = -5*p, -1 + 21 = -5*p. What is the highest common factor of f and 16?
16
Let o be 7/((-70)/12)*-90. Let n be (27/3 + -3)*2. What is the highest common divisor of n and o?
12
Let n be 3 + 1/((-3)/3) - -16. What is the highest common divisor of n and 198?
18
Let t be 47 - 4*(-1)/1. What is the highest common divisor of t and 17?
17
Let z be (1 + -22)*10/(-15). What is the greatest common factor of 70 and z?
14
Suppose -5*s - 421 = -4*r, s - 4*s = -5*r + 263. Let y be ((-8)/(-6))/(6/s). Let c = y + 46. What is the greatest common factor of c and 42?
14
Let p(m) = m**3 + 8*m**2 - 9*m + 3. Let s be p(-9). What is the highest common divisor of s and 3?
3
Let a be (-152)/(-1 + 4 + -4). Suppose -5*o = 5*i - 83 - 87, -4*o - a = -5*i. What is the greatest common factor of 8 and i?
8
Let v = 91 - 63. What is the highest common divisor of v and 70?
14
Let s be (-40)/12 + 1/3. Let k be 3 - (-9)/s - 83. Let y = -27 - k. Calculate the highest common divisor of 8 and y.
8
Let v = 35 - -25. Suppose 24 = 3*u - u. Calculate the greatest common factor of u and v.
12
Suppose -w = -7*w + 540. Let j(m) = -m**2 - 1. Let r be j(3). Let k = 20 + r. Calculate the highest common divisor of w and k.
10
Suppose -18 = -5*p + 67. Suppose -2*s - 3*i + 65 = 0, -6*s + 5*i = -2*s - 141. Calculate the greatest common divisor of s and p.
17
Let i be 5*(8/6 - (-552)/18). Calculate the highest common factor of i and 10.
10
Let n = -10 + 19. Suppose y = -2*y + n. What is the greatest common factor of y and 2?
1
Suppose 124 + 1 = 5*z + 5*u, 0 = z + 2*u - 27. Calculate the highest common factor of z and 161.
23
Suppose 0 = -6*z + 4*z + 34. What is the greatest common divisor of z and 119?
17
Let y be -2 - 3/6*46. Let r = y - -46. Suppose -3*l + 18 + r = 0. What is the greatest common divisor of 13 and l?
13
Let k = 25 - -58. Suppose 5*w + 3*z - 64 = k, 2*w - 2*z - 46 = 0. Calculate the greatest common factor of w and 9.
9
Let j = 2 - -14. What is the greatest common factor of j and 24?
8
Suppose -198 = -3*l + 3*w, -5*l + 280 = 2*w + 3*w. Let n = l - 33. Let s be 100/7 - 2/7. Calculate the greatest common divisor of n and s.
14
Suppose -5*a = -4*j - 370 - 397, -5*a - 5*j + 785 = 0. Calculate the highest common factor of a and 62.
31
Let k be 4/24 + 503/6. Suppose -3*g + 12 = -24. Calculate the greatest common divisor of g and k.
12
Suppose i + 4